-5*w - 2125. What is the highest common divisor of 39 and z?
39
Let d = 37 + -30. Suppose 12*h - d*h = 1260. Calculate the highest common divisor of h and 36.
36
Suppose -2*a = 10, 3*a = -u - 3 - 8. Suppose -u*w = -9*w + 25. Suppose -3*b + 0*b = -120. Calculate the greatest common divisor of w and b.
5
Suppose u + 49 = 8*u. Suppose 0 = u*l - 12*l + 10. Calculate the greatest common divisor of l and 6.
2
Let d = 23 + -17. Let i = -5 + 16. Suppose i*w - 115 = d*w. What is the highest common divisor of w and 184?
23
Let w be -2 + (1 + -3 - -5). Suppose 4*o - 12 = 0, 0 = -2*x + 4*x + 5*o - 15. Suppose 2*t + x*t - 2 = 0. Calculate the greatest common divisor of t and w.
1
Let j = 161 + -238. Let p = j - -153. Let g be 342/(-27)*(-2 + -1). What is the highest common divisor of g and p?
38
Let h be ((-96)/(-56))/((-2)/(-7)). Let f be 2/h - 1/((-18)/192). What is the highest common factor of f and 11?
11
Suppose 384 = -h + 7*h. Suppose -3*t = 5*d - 28 - h, -2*d = -2*t - 24. Let p be 6*(d/6 + 2). What is the highest common divisor of p and 42?
14
Let z(m) = 2*m**3 - 2*m**2 + 4*m - 2. Let r be z(2). Let w be 1/1 + (614 - -15). Suppose -4*a = -9*a + w. What is the greatest common divisor of r and a?
14
Suppose -3*m = -5*l - 376, -2*m = -0*l + 3*l + 218. Let v = l + 92. Suppose -5*u + 2 = -58. Calculate the highest common factor of v and u.
6
Let v be (-16)/6*72/(-16). Calculate the greatest common factor of v and 156.
12
Let d be 29 + (-3 - -3 - 4). Calculate the greatest common divisor of 125 and d.
25
Suppose 0 = 5*z + 10, -3*z = -3*i + 2*i + 7. Suppose 7 - i = 6*w. What is the highest common factor of 4 and w?
1
Suppose -217 + 397 = 9*r. Suppose 13*k = 17*k - 880. Calculate the greatest common divisor of k and r.
20
Let d = 408 - 401. Calculate the highest common divisor of 56 and d.
7
Suppose 24*h + h = 1275. What is the greatest common divisor of 663 and h?
51
Let v = -18 - -47. Suppose 5*t + 2*s - v = 0, 5*s = 4*t - 6 - 37. Calculate the highest common factor of 77 and t.
7
Let k be 3/(-2)*638/(-33). Calculate the highest common divisor of 290 and k.
29
Suppose 37 = 26*l - 15. Calculate the greatest common factor of l and 11.
1
Let y(v) = 15*v**3 + 3*v**2 - 2. Let q be y(3). What is the greatest common divisor of q and 40?
10
Suppose 0 = -y + 4 - 0. Let s(a) = 3*a**2 - 7*a - 3. Let g be s(y). Calculate the highest common divisor of g and 187.
17
Suppose 4*x - 38*x + 2958 = 0. Calculate the greatest common factor of 203 and x.
29
Let q = 67 - 104. Let s = q + 58. Calculate the highest common factor of s and 7.
7
Suppose -14*p = 31*p - 58140. What is the greatest common divisor of 76 and p?
76
Let s = 110 - 101. Let a be s/((9/(-12))/(-1)) + -4. Calculate the greatest common factor of a and 88.
8
Suppose 0*c = 2*c - 2. Let u = -87 - -83. Let l be (2 - 8)/(u + (-65)/(-20)). Calculate the highest common factor of c and l.
1
Let c be 8/(-2 + 39/18). Let r = -78 - -78. Let n be r + 45/4 - (-6)/8. What is the highest common divisor of c and n?
12
Let m = -74 + 316. Calculate the greatest common divisor of m and 33.
11
Suppose -30*x + 74 = -28*x. What is the highest common factor of 148 and x?
37
Suppose -3 = -3*w + 6. Let y be 102 + (-12)/2 + w. Let h be 15 + (1 + 7)/(2 - 4). What is the greatest common factor of y and h?
11
Suppose -5*g + g - 5*h = -32, -2*g - h = -10. Suppose -6*v + 117 = -g*v. Let m = v + -26. Calculate the highest common divisor of m and 117.
13
Let h(c) = -c**3 + 8*c**2 - 8*c + 16. Let j = -22 - -29. Let s be h(j). What is the greatest common divisor of s and 18?
9
Let y be 58/4 + (-11)/22. Suppose 4*v + c - 265 = -2*c, -3*v = -c - 215. Calculate the highest common factor of y and v.
14
Suppose -4*w - 140 = w. Let b = -24 - w. Calculate the greatest common divisor of 4 and b.
4
Let g be -1 + (6/3 - -24). Suppose -2*n + 5*n - 6 = 0. Suppose -n*p - 2*t + 8 = 0, -3*p + 16 = -5*t - 4. What is the greatest common divisor of p and g?
5
Suppose 13*f - 139 = 43. What is the greatest common divisor of 2114 and f?
14
Suppose -2*c = -3*i - 7, 3*i - 13 = -2*c + 12. Suppose 204 = -c*y + 10*y. Calculate the greatest common divisor of y and 17.
17
Let w(r) = 3*r**2 + 10*r + 9. Let j be w(-6). Suppose 61 = 4*f - 5*m, 0*m = -3*f - 2*m + 63. What is the greatest common divisor of j and f?
19
Let q be (-3)/2*210/(-63). Suppose -q*m + 0*m = -x + 40, 3*x - 3*m = 96. Calculate the greatest common factor of 10 and x.
10
Suppose c = 2*c - 2, -3*c + 166 = 5*x. Calculate the greatest common divisor of x and 4.
4
Suppose -23*h = -23685 + 5469. Calculate the greatest common divisor of 72 and h.
72
Suppose 4*q + 45 = 9*q. Calculate the highest common divisor of q and 18.
9
Let x be 158/711 - ((-14)/18 - 0). What is the highest common factor of 8 and x?
1
Let p(a) = -38*a - 132. Let y be p(-5). Calculate the greatest common factor of y and 783.
29
Let o = 250 - 239. Let b be 100 + (2/2 - 2). What is the highest common divisor of b and o?
11
Suppose -5*g + 5*v = -350, 4*g + 2*v - 73 = 3*g. Let m = -21 + g. What is the greatest common factor of m and 10?
10
Suppose 5*h - 8 = 22. Let m be 780/25*-1*(-20)/h. What is the greatest common divisor of 26 and m?
26
Let k(q) = -q**3 + 5*q**2 + 10*q - 7. Let b be k(6). Suppose 5*c - 67 + b = 0. Calculate the greatest common divisor of 90 and c.
10
Let w(z) = -4*z - 118. Let b be w(-32). Calculate the highest common divisor of 2 and b.
2
Let y(f) = -30*f - 13. Let w be y(-9). Let b = -131 + w. Let a = -350 + 364. Calculate the highest common factor of a and b.
14
Let q be 3/(-12) + 33/4. Let g be 40/(-12)*(-252)/15. Calculate the highest common divisor of q and g.
8
Let o(r) = 10*r - 110. Let g be o(31). What is the highest common factor of g and 50?
50
Let v = 1 - -3. Suppose 4 = -3*p - 2*p + m, -16 = -p - v*m. Suppose 0 = -4*o - n - 2*n + 576, -4*n = p. Calculate the highest common divisor of 16 and o.
16
Let t = -45 - -45. Suppose 5*p + 244 - 859 = t. Calculate the greatest common factor of p and 41.
41
Suppose 38*n + 1220 = 460. Let d be 53 + 1 - 2/(-1). Let p be (-5)/2*d/n. Calculate the highest common factor of 77 and p.
7
Let t(s) = -s**3 - 4*s**2 - 15*s - 5. Let j be t(-7). Calculate the highest common divisor of 13 and j.
13
Let u(o) = 2*o**2 + 1. Let i be u(1). Let k = i - -2. Suppose 3*l + 127 - 378 = -k*a, -4*a = -3*l - 217. What is the highest common divisor of 13 and a?
13
Suppose -471*b + 465*b = -1302. Calculate the highest common divisor of 248 and b.
31
Let o = 23 + -14. Suppose 21*h + 441 = 28*h. What is the highest common divisor of h and o?
9
Let b(j) = j**3 + 12*j**2 - 4*j + 2. Suppose -5*q + 14 = -3*a - 32, -3*q + 54 = -4*a. Let t be b(a). Calculate the greatest common factor of t and 20.
10
Let t(x) = 63*x - 497. Let u be t(12). Calculate the greatest common divisor of u and 21.
7
Suppose 2*d = -s + 51, 3*s = 31 - 16. What is the highest common factor of 2231 and d?
23
Let j = 9 + -33. Let i = 42 + j. Calculate the highest common factor of i and 6.
6
Let v = 306 + -292. Calculate the greatest common factor of v and 54.
2
Suppose 0 = -2*r + 52 + 20. Let i(o) = -80*o + 736. Let l be i(8). Calculate the highest common factor of l and r.
12
Let v(h) = 2*h - 12. Let a be v(8). Suppose -x = -a*x. Suppose -20 = -5*u - x*u. What is the highest common factor of u and 16?
4
Let l(d) = d + 35. Let w be l(17). Calculate the greatest common factor of w and 4.
4
Let s = 432 + -387. Calculate the greatest common divisor of 63 and s.
9
Let s be 125 + 1*(-1 - 1). Suppose m + 156 = 238. Calculate the greatest common divisor of m and s.
41
Suppose -5*b + 62 = 2*d + 9, 0 = 5*b + 3*d - 57. Calculate the highest common divisor of 39 and b.
3
Let z be (3 - 2)*(-32)/(-4). Suppose -z = -4*y, -2*y - 1 = o - 5*y. What is the highest common divisor of o and 45?
5
Let y be -12 + 28 + 4 + 2 + -18. Suppose 0 = p - 5*p + 48. Calculate the highest common factor of y and p.
4
Let d(h) = -h**3 - 6*h**2 - 27*h - 186. Let n be d(-10). Calculate the highest common divisor of 110 and n.
22
Suppose 5*i - 305 - 45 = 0. Calculate the greatest common factor of i and 21.
7
Let g be -5*(12/(-5) + 4). Let j(s) = -s**3 - 7*s**2 - 7*s - 3. Let q be j(-6). Let k be 0 - q/(12/g). What is the greatest common factor of k and 8?
2
Let k = 436 - 433.